{"id":2351,"date":"2023-08-16T14:05:45","date_gmt":"2023-08-16T19:05:45","guid":{"rendered":"https:\/\/miempresacircular.pe\/?page_id=2351"},"modified":"2025-06-13T11:46:50","modified_gmt":"2025-06-13T16:46:50","slug":"catalogo-de-tecnologias-2","status":"publish","type":"page","link":"https:\/\/desarrollo.infobox.com.pe\/miempresacircular\/catalogo-de-tecnologias-2\/","title":{"rendered":"Cat\u00e1logo de tecnolog\u00edas"},"content":{"rendered":"<div id=\"pl-2351\"  class=\"panel-layout\" ><div id=\"pg-2351-0\"  class=\"panel-grid panel-has-style\" ><div class=\"panel-row-style panel-row-style-for-2351-0\" ><div id=\"pgc-2351-0-0\"  class=\"panel-grid-cell\" ><div id=\"panel-2351-0-0-0\" class=\"so-panel widget widget_text panel-first-child panel-last-child\" data-index=\"0\" >\t\t\t<div class=\"textwidget\"><div style=\"position: relative; width: 100%; height: 450px; background-image: url('\/miempresacircular\/wp-content\/uploads\/2023\/12\/Banners-interiores1-scaled.jpg'); background-size: cover; background-position: center; background-repeat: no-repeat; display: flex; align-items: center; justify-content: center; text-align: center; margin: 0; padding: 0;\">\n<div style=\"background: rgba(30, 76, 127, 0.9); padding: 20px 40px; border-radius: 0px; height: 200px; width: 800px; max-width: 70%; text-align: center;\">\n<h1 style=\"color: white; font-size: 2rem; margin-top: 30px; text-shadow: 2px 2px 5px rgba(0, 0, 0, 0.5);\">CAT\u00c1LOGO VIRTUAL DE TECNOLOG\u00cdAS<\/h1>\n<div style=\"display: flex; justify-content: center; align-items: center; gap: 10px; margin: 0px 0 20px 0;\">\n<div style=\"width: 80px; height: 2px; background-color: rgba(255, 255, 255, 0.5);\"><\/div>\n<div style=\"width: 80px; height: 2px; background-color: rgba(255, 255, 255);\"><\/div>\n<div style=\"width: 80px; height: 2px; background-color: rgba(255, 255, 255, 0.5);\"><\/div>\n<\/div>\n<h1 style=\"color: white; font-size: 1.5rem; margin-bottom: 50px; text-shadow: 2px 2px 5px rgba(0, 0, 0, 0.5);\">Conoces las mejores tecnolog\u00edas circulares y eficientes<\/h1>\n<\/div>\n<\/div>\n<\/div>\n\t\t<\/div><\/div><\/div><\/div><div id=\"pg-2351-1\"  class=\"panel-grid panel-has-style\" ><div class=\"panel-row-style panel-row-style-for-2351-1\" ><div id=\"pgc-2351-1-0\"  class=\"panel-grid-cell panel-grid-cell-empty\" ><\/div><div id=\"pgc-2351-1-1\"  class=\"panel-grid-cell panel-grid-cell-mobile-last\" ><div id=\"panel-2351-1-1-0\" class=\"so-panel widget widget_sow-editor panel-first-child panel-last-child\" data-index=\"1\" ><div\n\t\t\t\n\t\t\tclass=\"so-widget-sow-editor so-widget-sow-editor-base\"\n\t\t\t\n\t\t>\n<div class=\"siteorigin-widget-tinymce textwidget\">\n\t<h4 style=\"text-align: center;\"><\/h4>\n<p>&nbsp;<\/p>\n<h4 style=\"text-align: justify;\"><span style=\"margin-top: 20px;\"><span class=\"TextRun SCXW87162038 BCX0\" lang=\"ES-PE\" xml:lang=\"ES-PE\" data-contrast=\"none\"><span class=\"NormalTextRun SCXW87162038 BCX0\" data-ccp-parastyle=\"Normal0\" data-ccp-parastyle-defn=\"{&quot;ObjectId&quot;:&quot;9f795a1f-960c-41e8-83d4-fb3db1764ae7|148&quot;,&quot;ClassId&quot;:1073872969,&quot;Properties&quot;:[469775450,&quot;Normal0&quot;,201340122,&quot;2&quot;,134234082,&quot;true&quot;,134233614,&quot;true&quot;,469778129,&quot;Normal0&quot;,335572020,&quot;1&quot;,469777841,&quot;Helvetica&quot;,469777842,&quot;Helvetica Neue&quot;,469777843,&quot;Helvetica Neue&quot;,469777844,&quot;Helvetica&quot;,469769226,&quot;Helvetica,Helvetica Neue&quot;,335559740,&quot;360&quot;,201341983,&quot;0&quot;,335559739,&quot;120&quot;,335559738,&quot;120&quot;,469778325,&quot;[\\&quot;heading 10\\&quot;,\\&quot;heading 20\\&quot;,\\&quot;heading 30\\&quot;,\\&quot;heading 40\\&quot;,\\&quot;heading 50\\&quot;,\\&quot;header\\&quot;,\\&quot;footer\\&quot;,\\&quot;Title0\\&quot;,\\&quot;toc 1\\&quot;,\\&quot;toc 2\\&quot;,\\&quot;toc 3\\&quot;,\\&quot;List Paragraph\\&quot;,\\&quot;paragraph\\&quot;,\\&quot;Subtitle\\&quot;]&quot;]}\"><span style=\"color: #003366;\">CAT\u00c1LOGO DE TECNOLOG\u00cdAS CIRCULARES Y EFICIENTES<\/span><\/span><\/span><strong><span class=\"TextRun SCXW87162038 BCX0\" lang=\"ES-PE\" xml:lang=\"ES-PE\" data-contrast=\"none\"><span class=\"NormalTextRun SCXW87162038 BCX0\" data-ccp-parastyle=\"Normal0\" data-ccp-parastyle-defn=\"{&quot;ObjectId&quot;:&quot;9f795a1f-960c-41e8-83d4-fb3db1764ae7|148&quot;,&quot;ClassId&quot;:1073872969,&quot;Properties&quot;:[469775450,&quot;Normal0&quot;,201340122,&quot;2&quot;,134234082,&quot;true&quot;,134233614,&quot;true&quot;,469778129,&quot;Normal0&quot;,335572020,&quot;1&quot;,469777841,&quot;Helvetica&quot;,469777842,&quot;Helvetica Neue&quot;,469777843,&quot;Helvetica Neue&quot;,469777844,&quot;Helvetica&quot;,469769226,&quot;Helvetica,Helvetica Neue&quot;,335559740,&quot;360&quot;,201341983,&quot;0&quot;,335559739,&quot;120&quot;,335559738,&quot;120&quot;,469778325,&quot;[\\&quot;heading 10\\&quot;,\\&quot;heading 20\\&quot;,\\&quot;heading 30\\&quot;,\\&quot;heading 40\\&quot;,\\&quot;heading 50\\&quot;,\\&quot;header\\&quot;,\\&quot;footer\\&quot;,\\&quot;Title0\\&quot;,\\&quot;toc 1\\&quot;,\\&quot;toc 2\\&quot;,\\&quot;toc 3\\&quot;,\\&quot;List Paragraph\\&quot;,\\&quot;paragraph\\&quot;,\\&quot;Subtitle\\&quot;]&quot;]}\"><br \/>\n<\/span><\/span><\/strong><\/span><\/h4>\n<p style=\"text-align: justify;\">Compilamos para ti las soluciones tecnol\u00f3gicas que impulsan la econom\u00eda circular y eficiencia energ\u00e9tica con las innovaciones y productos dise\u00f1ados para alargar el uso de tus materiales, minimizar los residuos y mejoras la eficiencia.<\/p>\n<p style=\"text-align: center;\"><span style=\"color: #016301;\"><strong>\u00a1Descubre c\u00f3mo estas tecnolog\u00edas pueden transformar tu empresa!<\/strong><\/span><\/p>\n<div style=\"text-align: center; margin-top: 20px;\"><img loading=\"lazy\" decoding=\"async\" class=\"alignnone size-full wp-image-9403\" src=\"\/miempresacircular\/wp-content\/uploads\/2025\/05\/img-laptop.png\" alt=\"\" width=\"950\" height=\"464\" srcset=\"https:\/\/desarrollo.infobox.com.pe\/miempresacircular\/wp-content\/uploads\/2025\/05\/img-laptop.png 950w, https:\/\/desarrollo.infobox.com.pe\/miempresacircular\/wp-content\/uploads\/2025\/05\/img-laptop-300x147.png 300w, https:\/\/desarrollo.infobox.com.pe\/miempresacircular\/wp-content\/uploads\/2025\/05\/img-laptop-768x375.png 768w\" sizes=\"auto, (max-width: 950px) 100vw, 950px\" \/><\/div>\n<p style=\"text-align: justify;\">Existen innumerables tecnolog\u00edas, equipos y productos de econom\u00eda (EC) y eficiencia energ\u00e9tica (EE) capaces de aumentar la productividad de las empresas manufactureras.<\/p>\n<p style=\"text-align: justify;\">En este cat\u00e1logo, diferentes de la industria pueden ofrecer y consultar, en un \u00fanico espacio, informaci\u00f3n sobre tecnolog\u00edas disponibles en el mercado para que se utilicen en proyectos que tienen como prop\u00f3sito reducir el consumo de materiales y energ\u00eda en procesos industriales, as\u00ed como minimizar los residuos.<\/p>\n<p style=\"text-align: justify;\">Por lo que se presenta una lista de equipos que pueden ser empleados en los procesos de la cadena productiva: cabe se\u00f1alar que los quipos presentados son referenciales presentados de tal manera que facilite al empresario evaluar su funci\u00f3n y posibilidad de implementaci\u00f3n<\/p>\n<p style=\"text-align: justify;\">\n<\/div>\n<\/div><\/div><\/div><div id=\"pgc-2351-1-2\"  class=\"panel-grid-cell panel-grid-cell-empty\" ><\/div><\/div><\/div><div id=\"pg-2351-2\"  class=\"panel-grid panel-no-style\" ><div id=\"pgc-2351-2-0\"  class=\"panel-grid-cell panel-grid-cell-empty\" ><\/div><div id=\"pgc-2351-2-1\"  class=\"panel-grid-cell panel-grid-cell-mobile-last\" ><div id=\"panel-2351-2-1-0\" class=\"widget_text so-panel widget widget_custom_html panel-first-child panel-last-child\" data-index=\"2\" ><div class=\"textwidget custom-html-widget\"><button onclick=\"window.location.href='https:\/\/develr.infobox.com.pe\/'\" style=\"\n  background-color: #164985;\n  color: white;\n  padding: 16px 24px;\n  border-radius: 40px;\n  border: none;\n  font-weight: bold;\n  font-size: clamp(12px, 1vw, 20px);\n  text-align: center;\n  text-decoration: none;\n  cursor: pointer;\n  display: inline-block;\n  line-height: 1.2;\n  box-sizing: border-box;\n\">\nIr al cat\u00e1logo\n<\/button>\n<\/div><\/div><\/div><div id=\"pgc-2351-2-2\"  class=\"panel-grid-cell panel-grid-cell-empty\" ><\/div><\/div><\/div>","protected":false},"excerpt":{"rendered":"<p>CAT\u00c1LOGO VIRTUAL DE TECNOLOG\u00cdAS Conoces las mejores tecnolog\u00edas circulares y eficientes &nbsp; CAT\u00c1LOGO DE TECNOLOG\u00cdAS CIRCULARES Y EFICIENTES Compilamos para ti las soluciones tecnol\u00f3gicas que impulsan la econom\u00eda circular y eficiencia energ\u00e9tica con las innovaciones y productos dise\u00f1ados para alargar el uso de tus materiales, minimizar los residuos y mejoras la eficiencia. \u00a1Descubre c\u00f3mo estas [&hellip;]<\/p>\n","protected":false},"author":1,"featured_media":0,"parent":0,"menu_order":0,"comment_status":"closed","ping_status":"closed","template":"","meta":{"footnotes":""},"tags":[],"class_list":["post-2351","page","type-page","status-publish","hentry"],"_links":{"self":[{"href":"https:\/\/desarrollo.infobox.com.pe\/miempresacircular\/wp-json\/wp\/v2\/pages\/2351","targetHints":{"allow":["GET"]}}],"collection":[{"href":"https:\/\/desarrollo.infobox.com.pe\/miempresacircular\/wp-json\/wp\/v2\/pages"}],"about":[{"href":"https:\/\/desarrollo.infobox.com.pe\/miempresacircular\/wp-json\/wp\/v2\/types\/page"}],"author":[{"embeddable":true,"href":"https:\/\/desarrollo.infobox.com.pe\/miempresacircular\/wp-json\/wp\/v2\/users\/1"}],"replies":[{"embeddable":true,"href":"https:\/\/desarrollo.infobox.com.pe\/miempresacircular\/wp-json\/wp\/v2\/comments?post=2351"}],"version-history":[{"count":61,"href":"https:\/\/desarrollo.infobox.com.pe\/miempresacircular\/wp-json\/wp\/v2\/pages\/2351\/revisions"}],"predecessor-version":[{"id":10474,"href":"https:\/\/desarrollo.infobox.com.pe\/miempresacircular\/wp-json\/wp\/v2\/pages\/2351\/revisions\/10474"}],"wp:attachment":[{"href":"https:\/\/desarrollo.infobox.com.pe\/miempresacircular\/wp-json\/wp\/v2\/media?parent=2351"}],"wp:term":[{"taxonomy":"post_tag","embeddable":true,"href":"https:\/\/desarrollo.infobox.com.pe\/miempresacircular\/wp-json\/wp\/v2\/tags?post=2351"}],"curies":[{"name":"wp","href":"https:\/\/api.w.org\/{rel}","templated":true}]}}