{"id":8551,"date":"2025-03-04T10:26:16","date_gmt":"2025-03-04T15:26:16","guid":{"rendered":"https:\/\/desarrollo.infobox.com.pe\/miempresacircular\/?page_id=8551"},"modified":"2025-06-13T13:59:17","modified_gmt":"2025-06-13T18:59:17","slug":"tu-mejor-energia","status":"publish","type":"page","link":"https:\/\/desarrollo.infobox.com.pe\/miempresacircular\/tu-mejor-energia\/","title":{"rendered":"Tu mejor energ\u00eda"},"content":{"rendered":"<div id=\"pl-8551\"  class=\"panel-layout\" ><div id=\"pg-8551-0\"  class=\"panel-grid panel-no-style\" ><div id=\"pgc-8551-0-0\"  class=\"panel-grid-cell\" ><div id=\"panel-8551-0-0-0\" class=\"so-panel widget widget_text panel-first-child panel-last-child\" data-index=\"0\" >\t\t\t<div class=\"textwidget\"><div style=\"position: relative; width: 100%; height: 450px; background-image: url('\/miempresacircular\/wp-content\/uploads\/2025\/04\/Tu_mj_energia.jpg'); background-size: cover; background-position: center; background-repeat: no-repeat; display: flex; align-items: center; justify-content: center; text-align: center; margin: 0; padding: 0;\">\n<div style=\"background: rgba(30, 76, 127, 0.9); padding: 20px 40px; border-radius: 0px; height: 200px; width: 850px; max-width: 70%; text-align: center;\">\n<h1 style=\"color: white; font-size: 2rem; margin-top: 30px; text-shadow: 2px 2px 5px rgba(0, 0, 0, 0.5);\">MOVIMIENTO \u00abTu mejor energ\u00eda\u00bb<\/h1>\n<div style=\"display: flex; justify-content: center; align-items: center; gap: 10px; margin: 0px 0 20px 0;\">\n<div style=\"width: 80px; height: 2px; background-color: rgba(255, 255, 255, 0.5);\"><\/div>\n<div style=\"width: 80px; height: 2px; background-color: rgba(255, 255, 255);\"><\/div>\n<div style=\"width: 80px; height: 2px; background-color: rgba(255, 255, 255, 0.5);\"><\/div>\n<\/div>\n<h1 style=\"color: white; font-size: 1.5rem; margin-bottom: 50px; text-shadow: 2px 2px 5px rgba(0, 0, 0, 0.5);\"><span style=\"font-weight: 400;\">Ahorra, s\u00e9 m\u00e1s competitivo y sostenible aplicando medidas de eficiencia energ\u00e9tica<\/span><\/h1>\n<\/div>\n<\/div>\n<\/div>\n\t\t<\/div><\/div><\/div><div id=\"pg-8551-1\"  class=\"panel-grid panel-has-style\" ><div class=\"panel-row-style panel-row-style-for-8551-1\" ><div id=\"pgc-8551-1-0\"  class=\"panel-grid-cell panel-grid-cell-empty\" ><\/div><div id=\"pgc-8551-1-1\"  class=\"panel-grid-cell panel-grid-cell-mobile-last\" ><div id=\"panel-8551-1-1-0\" class=\"so-panel widget widget_text panel-first-child\" data-index=\"1\" >\t\t\t<div class=\"textwidget\"><h4 style=\"color: #164985; margin-top: 30px;\">\u00bfQu\u00e9 es el Movimiento \u00abTu mejor energ\u00eda\u00bb?<\/h4>\n<\/div>\n\t\t<\/div><div id=\"panel-8551-1-1-1\" class=\"so-panel widget widget_text panel-last-child\" data-index=\"2\" >\t\t\t<div class=\"textwidget\"><div id=\"lipsum\" style=\"text-align: justify;\">\n<p>Una de las formas m\u00e1s efectivas o sencillas de iniciar tu camino hacia la circularidad es a trav\u00e9s de la eficiencia energ\u00e9tica. El movimiento \u00abTu mejor energ\u00eda\u00bb est\u00e1 dise\u00f1ado para ayudarte a reducir tu consumo y optimizar el uso de energ\u00eda en tus procesos, reduciendo tus costos y contribuyendo a la sostenibilidad.<\/p>\n<ul>\n<li>Si eres una mipyme, el Movimiento te brinda herramientas, servicios y productos especializados en eficiencia energ\u00e9tica.<\/li>\n<li>Si eres proveedor de servicios de eficiencia energ\u00e9tica (persona jur\u00eddica),\u00a0te proporciona herramientas y oportunidades para mejorar tus servicios.<\/li>\n<\/ul>\n<\/div>\n<\/div>\n\t\t<\/div><\/div><div id=\"pgc-8551-1-2\"  class=\"panel-grid-cell panel-grid-cell-empty\" ><\/div><\/div><\/div><div id=\"pg-8551-2\"  class=\"panel-grid panel-has-style\" ><div class=\"mt-2 panel-row-style panel-row-style-for-8551-2\" ><div id=\"pgc-8551-2-0\"  class=\"panel-grid-cell panel-grid-cell-empty\" ><\/div><div id=\"pgc-8551-2-1\"  class=\"panel-grid-cell panel-grid-cell-mobile-last\" ><div id=\"panel-8551-2-1-0\" class=\"widget_text so-panel widget widget_custom_html panel-first-child panel-last-child\" data-index=\"3\" ><div class=\"textwidget custom-html-widget\">  <section id=\"como-funciona\" class=\"como-funciona\">\n    <h2 style=\"color: #164985;\">\u00bfC\u00f3mo funciona?<\/h2>\n    <div class=\"flujo-container\">\n      <div class=\"paso\">\n        <div class=\"numero\">1<\/div>\n        <h3>Establece alianzas<\/h3>\n        <p>Colabora con los gremios empresariales, la academia y el sector p\u00fablico para difundir los beneficios de la econom\u00eda circular, a trav\u00e9s de la eficiencia energ\u00e9tica, e identifica oportunidades de acceso a recursos econ\u00f3micos.<\/p>\n      <\/div>\n\n      <div class=\"flecha\">\u2192<\/div>\n\n      <div class=\"paso\">\n        <div class=\"numero\">2<\/div>\n        <h3>Articula la oferta<\/h3>\n        <p>Identifica y registra proveedores de servicios de eficiencia energ\u00e9tica (persona jur\u00eddica), capacit\u00e1ndolos y promocionando sus servicios.<\/p>\n      <\/div>\n\n      <div class=\"flecha\">\u2192<\/div>\n\n      <div class=\"paso\">\n        <div class=\"numero\">3<\/div>\n        <h3>Impulsa la demanda<\/h3>\n        <p>Proporciona informaci\u00f3n a las mipyme sobre la oferta de servicios y productos disponibles, as\u00ed como las potencialidades de la eficiencia energ\u00e9tica en sus negocios.<\/p>\n      <\/div>\n    <\/div>\n  <\/section><\/div><\/div><\/div><div id=\"pgc-8551-2-2\"  class=\"panel-grid-cell panel-grid-cell-empty\" ><\/div><\/div><\/div><div id=\"pg-8551-3\"  class=\"panel-grid panel-no-style\" ><div id=\"pgc-8551-3-0\"  class=\"panel-grid-cell panel-grid-cell-empty\" ><\/div><div id=\"pgc-8551-3-1\"  class=\"panel-grid-cell panel-grid-cell-mobile-last\" ><div id=\"panel-8551-3-1-0\" class=\"so-panel widget widget_text panel-first-child panel-last-child\" data-index=\"4\" >\t\t\t<div class=\"textwidget\"><div id=\"lipsum\" style=\"text-align: justify;\">\n<h4 style=\"color: #174885;\">Beneficios de ser parte de \u00abTu Mejor Energ\u00eda\u00bb<\/h4>\n<div><strong style=\"color: #174885;\">Para las Mypes<\/strong><\/div>\n<ul>\n<li>Al optimizar el consumo energ\u00e9tico, tu empresa reduce costos, lo que permite un ahorro significativo y mejora la rentabilidad.<\/li>\n<li>Conecta con proveedores especializados en servicios y productos de eficiencia energ\u00e9tica en la industria, facilitando la adopci\u00f3n de tecnolog\u00edas que optimicen el uso de la energ\u00eda en los procesos productivos.<\/li>\n<li>Inicia el tr\u00e1nsito hacia la econom\u00eda circular, reduciendo el impacto ambiental y mejorando la competitividad en un mercado cada vez m\u00e1s consciente y estricto con la sostenibilidad.<\/li>\n<\/ul>\n<div><strong style=\"color: #174885;\">Para los proveedores de servicios y productos<\/strong><\/div>\n<ul>\n<li><span style=\"font-weight: 400;\">Difusi\u00f3n en el Buscador de Entidades, que permitir\u00e1 visibilizar sus servicios y productos<\/span>.<\/li>\n<li>Acceso a informaci\u00f3n actualizada e innovadora, a trav\u00e9s de capacitaciones, seminarios y contenido sobre buenas pr\u00e1cticas en eficiencia energ\u00e9tica, ayudando a su empresa a ser competitiva e innovadora.<\/li>\n<li>Oportunidades de colaboraci\u00f3n, estableciendo relaciones con otros proveedores y participando en proyectos conjuntos que le permitir\u00e1n ofrecer soluciones integrales a sus clientes.<\/li>\n<li><span style=\"font-weight: 400;\">Capacitaci\u00f3n gratuita sobre c\u00f3mo desarrollar un diagn\u00f3stico energ\u00e9tico.<\/span><\/li>\n<\/ul>\n<div><strong style=\"color: #174885;\">Para los gremios empresariales<\/strong><\/div>\n<ul>\n<li><span style=\"font-weight: 400;\">Cupos limitados para obtener un diagn\u00f3stico energ\u00e9tico gratuito<\/span>.<\/li>\n<li>Impulsa su rol de promotor de la sostenibilidad empresarial, conectando la demanda y la oferta de servicios de eficiencia energ\u00e9tica, promoviendo la circularidad de sus acciones.<\/li>\n<li>Programas de capacitaci\u00f3n para sus \u00e1reas de servicios y socios\/as.<\/li>\n<\/ul>\n<h4 style=\"color: #174885;\">Conoce nuestras herramientas para iniciar tu tr\u00e1nsito hacia la circularidad a trav\u00e9s de la eficiencia energ\u00e9tica:<\/h4>\n<\/div>\n<\/div>\n\t\t<\/div><\/div><div id=\"pgc-8551-3-2\"  class=\"panel-grid-cell panel-grid-cell-empty\" ><\/div><\/div><div id=\"pg-8551-4\"  class=\"panel-grid panel-no-style\" ><div id=\"pgc-8551-4-0\"  class=\"panel-grid-cell panel-grid-cell-empty\" ><\/div><div id=\"pgc-8551-4-1\"  class=\"panel-grid-cell panel-grid-cell-mobile-last\" ><div id=\"panel-8551-4-1-0\" class=\"widget_text so-panel widget widget_custom_html panel-first-child panel-last-child\" data-index=\"5\" ><div class=\"textwidget custom-html-widget\"><div style=\"\n  display: flex;\n  flex-wrap: wrap;\n  justify-content: center;\n  gap: 16px;\n  max-width: 100%;\n\">\n\n  <div style=\"flex: 1 1 250px; max-width: 300px;\">\n    <button onclick=\"window.location.href='\/miempresacircular\/test-de-buenas-practicas\/'\" style=\"\n      width: 100%;\n      background-color: #164985;\n      color: white;\n      padding: 16px 24px;\n      border-radius: 40px;\n      border: none;\n      font-weight: bold;\n      font-size: clamp(12px, 1vw, 20px);\n      text-align: center;\n      text-decoration: none;\n      cursor: pointer;\n      line-height: 1.2;\n      box-sizing: border-box;\n    \">\n      Test de buenas pr\u00e1cticas <br>\n      de eficiencia energ\u00e9tica\n    <\/button>\n  <\/div>\n\n  <div style=\"flex: 1 1 250px; max-width: 300px;\">\n    <button onclick=\"window.location.href='\/miempresacircular\/catalogo-de-tecnologias-2\/'\" style=\"\n      width: 100%;\n      background-color: #164985;\n      color: white;\n      padding: 16px 24px;\n      border-radius: 40px;\n      border: none;\n      font-weight: bold;\n      font-size: clamp(12px, 1vw, 20px);\n      text-align: center;\n      text-decoration: none;\n      cursor: pointer;\n      line-height: 1.2;\n      box-sizing: border-box;\n    \">\n      Cat\u00e1logo de<br>\n      Tecnolog\u00edas de EC y EE\n    <\/button>\n  <\/div>\n\n  <div style=\"flex: 1 1 250px; max-width: 300px;\">\n    <button onclick=\"window.location.href='\/miempresacircular\/buscador-de-entidades\/'\" style=\"\n      width: 100%;\n      background-color: #164985;\n      color: white;\n      padding: 16px 24px;\n      border-radius: 40px;\n      border: none;\n      font-weight: bold;\n      font-size: clamp(12px, 1vw, 20px);\n      text-align: center;\n      text-decoration: none;\n      cursor: pointer;\n      line-height: 1.2;\n      box-sizing: border-box;\n    \">\n      Buscador de entidades\n    <\/button>\n  <\/div>\n\n  <div style=\"flex: 1 1 250px; max-width: 300px;\">\n    <button onclick=\"window.location.href='\/miempresacircular\/herramienta-de-diagnostico\/'\" style=\"\n      width: 100%;\n      background-color: #164985;\n      color: white;\n      padding: 16px 24px;\n      border-radius: 40px;\n      border: none;\n      font-weight: bold;\n      font-size: clamp(12px, 1vw, 20px);\n      text-align: center;\n      text-decoration: none;\n      cursor: pointer;\n      line-height: 1.2;\n      box-sizing: border-box;\n    \">\n      Herramienta de Diagn\u00f3stico <br>\n      Energ\u00e9tico (HDE)\n    <\/button>\n  <\/div>\n\n<\/div>\n<\/div><\/div><\/div><div id=\"pgc-8551-4-2\"  class=\"panel-grid-cell panel-grid-cell-empty\" ><\/div><\/div><div id=\"pg-8551-5\"  class=\"panel-grid panel-no-style\" ><div id=\"pgc-8551-5-0\"  class=\"panel-grid-cell panel-grid-cell-empty\" ><\/div><div id=\"pgc-8551-5-1\"  class=\"panel-grid-cell panel-grid-cell-mobile-last\" ><div id=\"panel-8551-5-1-0\" class=\"so-panel widget widget_text panel-first-child panel-last-child\" data-index=\"6\" >\t\t\t<div class=\"textwidget\"><h4 style=\"color: #174885;\">M\u00e1s informaci\u00f3n sobre Eficiencia Energ\u00e9tica<\/h4>\n<\/div>\n\t\t<\/div><\/div><div id=\"pgc-8551-5-2\"  class=\"panel-grid-cell panel-grid-cell-empty\" ><\/div><\/div><div id=\"pg-8551-6\"  class=\"panel-grid panel-no-style\" ><div id=\"pgc-8551-6-0\"  class=\"panel-grid-cell\" ><div id=\"panel-8551-6-0-0\" class=\"widget_text so-panel widget widget_custom_html panel-first-child panel-last-child\" data-index=\"7\" ><div class=\"textwidget custom-html-widget\"><div style=\"\n  display: flex;\n  flex-wrap: wrap;\n  justify-content: center;\n  gap: 16px;\n  max-width: 100%;\n\">\n\n  <div style=\"flex: 1 1 250px; max-width: 300px;\">\n    <button onclick=\"window.location.href='https:\/\/www.youtube.com\/playlist?list=PLX9QT9p6mGijbs8D3PcwNkGf_f7ahA7y8'\" style=\"\n      width: 100%;\n      background-color: #164985;\n      color: white;\n      padding: 16px 24px;\n      border-radius: 40px;\n      border: none;\n      font-weight: bold;\n      font-size: clamp(12px, 1vw, 20px);\n      text-align: center;\n      text-decoration: none;\n      cursor: pointer;\n      line-height: 1.2;\n      box-sizing: border-box;\n    \">\n      Consejos para aplicar la <br>\n      eficiencia energ\u00e9tica\n    <\/button>\n  <\/div>\n\n  <div style=\"flex: 1 1 250px; max-width: 300px;\">\n    <button onclick=\"window.location.href='https:\/\/www.youtube.com\/playlist?list=PLX9QT9p6mGijbs8D3PcwNkGf_f7ahA7y8'\" style=\"\n      width: 100%;\n      background-color: #164985;\n      color: white;\n      padding: 16px 24px;\n      border-radius: 40px;\n      border: none;\n      font-weight: bold;\n      font-size: clamp(12px, 1vw, 20px);\n      text-align: center;\n      text-decoration: none;\n      cursor: pointer;\n      line-height: 1.2;\n      box-sizing: border-box;\n    \">\n      ABC de la Eficiencia <br>\n      energ\u00e9tica\n    <\/button>\n  <\/div>\n\n  <div style=\"flex: 1 1 250px; max-width: 300px;\">\n    <button onclick=\"window.location.href='https:\/\/drive.google.com\/drive\/folders\/1BKCiEKol2K13q7KI9Hq9GKDbV3IZ4w2W?usp=drive_link'\" style=\"\n      width: 100%;\n      background-color: #164985;\n      color: white;\n      padding: 16px 24px;\n      border-radius: 40px;\n      border: none;\n      font-weight: bold;\n      font-size: clamp(12px, 1vw, 20px);\n      text-align: center;\n      text-decoration: none;\n      cursor: pointer;\n      line-height: 1.2;\n      box-sizing: border-box;\n    \">\n      Infograf\u00edas\n    <\/button>\n  <\/div>\n\n<\/div>\n<\/div><\/div><\/div><\/div><\/div>","protected":false},"excerpt":{"rendered":"<p>MOVIMIENTO \u00abTu mejor energ\u00eda\u00bb Ahorra, s\u00e9 m\u00e1s competitivo y sostenible aplicando medidas de eficiencia energ\u00e9tica \u00bfQu\u00e9 es el Movimiento \u00abTu mejor energ\u00eda\u00bb? Una de las formas m\u00e1s efectivas o sencillas de iniciar tu camino hacia la circularidad es a trav\u00e9s de la eficiencia energ\u00e9tica. El movimiento \u00abTu mejor energ\u00eda\u00bb est\u00e1 dise\u00f1ado para ayudarte a reducir [&hellip;]<\/p>\n","protected":false},"author":1,"featured_media":0,"parent":0,"menu_order":0,"comment_status":"closed","ping_status":"closed","template":"","meta":{"footnotes":""},"tags":[],"class_list":["post-8551","page","type-page","status-publish","hentry"],"_links":{"self":[{"href":"https:\/\/desarrollo.infobox.com.pe\/miempresacircular\/wp-json\/wp\/v2\/pages\/8551","targetHints":{"allow":["GET"]}}],"collection":[{"href":"https:\/\/desarrollo.infobox.com.pe\/miempresacircular\/wp-json\/wp\/v2\/pages"}],"about":[{"href":"https:\/\/desarrollo.infobox.com.pe\/miempresacircular\/wp-json\/wp\/v2\/types\/page"}],"author":[{"embeddable":true,"href":"https:\/\/desarrollo.infobox.com.pe\/miempresacircular\/wp-json\/wp\/v2\/users\/1"}],"replies":[{"embeddable":true,"href":"https:\/\/desarrollo.infobox.com.pe\/miempresacircular\/wp-json\/wp\/v2\/comments?post=8551"}],"version-history":[{"count":91,"href":"https:\/\/desarrollo.infobox.com.pe\/miempresacircular\/wp-json\/wp\/v2\/pages\/8551\/revisions"}],"predecessor-version":[{"id":8560,"href":"https:\/\/desarrollo.infobox.com.pe\/miempresacircular\/wp-json\/wp\/v2\/pages\/8551\/revisions\/8560"}],"wp:attachment":[{"href":"https:\/\/desarrollo.infobox.com.pe\/miempresacircular\/wp-json\/wp\/v2\/media?parent=8551"}],"wp:term":[{"taxonomy":"post_tag","embeddable":true,"href":"https:\/\/desarrollo.infobox.com.pe\/miempresacircular\/wp-json\/wp\/v2\/tags?post=8551"}],"curies":[{"name":"wp","href":"https:\/\/api.w.org\/{rel}","templated":true}]}}