{"id":8924,"date":"2025-03-27T15:50:35","date_gmt":"2025-03-27T20:50:35","guid":{"rendered":"https:\/\/desarrollo.infobox.com.pe\/miempresacircular\/?page_id=8924"},"modified":"2025-09-22T20:02:01","modified_gmt":"2025-09-23T01:02:01","slug":"guias-de-economia-circular-2","status":"publish","type":"page","link":"https:\/\/desarrollo.infobox.com.pe\/miempresacircular\/guias-de-economia-circular-2\/","title":{"rendered":"Guias de Econom\u00eda Circular"},"content":{"rendered":"<div id=\"pl-8924\"  class=\"panel-layout\" ><div id=\"pg-8924-0\"  class=\"panel-grid panel-no-style\" ><div id=\"pgc-8924-0-0\"  class=\"panel-grid-cell\" ><div id=\"panel-8924-0-0-0\" class=\"so-panel widget widget_text panel-first-child panel-last-child\" data-index=\"0\" >\t\t\t<div class=\"textwidget\"><div style=\"position: relative; width: 100%; height: 450px; background-image: url('\/miempresacircular\/wp-content\/uploads\/2025\/05\/2.png'); background-size: cover; background-position: center; background-repeat: no-repeat; display: flex; align-items: center; justify-content: center; text-align: center; margin: 0; padding: 0;\">\n<div style=\"background: rgba(30, 76, 127, 0.9); padding: 10px 30px; height: 200px; width: 800px; border-radius: 0px; max-width: 70%; text-align: center;\">\n<h1 style=\"color: white; font-size: 2rem; margin-top: 30px; text-shadow: 2px 2px 5px rgba(0, 0, 0, 0.5);\">GU\u00cdAS DE ECONOM\u00cdA CIRCULAR<\/h1>\n<div style=\"display: flex; justify-content: center; align-items: center; gap: 10px; margin: 0px 0 20px 0;\">\n<div style=\"width: 80px; height: 2px; background-color: rgba(255, 255, 255, 0.5);\"><\/div>\n<div style=\"width: 80px; height: 2px; background-color: rgba(255, 255, 255);\"><\/div>\n<div style=\"width: 80px; height: 2px; background-color: rgba(255, 255, 255, 0.5);\"><\/div>\n<\/div>\n<h1 style=\"color: white; font-size: 1.5rem; margin-bottom: 40px; text-shadow: 2px 2px 5px rgba(0, 0, 0, 0.5);\">Comprender, aplicar y mejorar los procesos de tu empresa hacia una econom\u00eda circular<\/h1>\n<\/div>\n<\/div>\n<\/div>\n\t\t<\/div><\/div><\/div><div id=\"pg-8924-1\"  class=\"panel-grid panel-no-style\" ><div id=\"pgc-8924-1-0\"  class=\"panel-grid-cell panel-grid-cell-empty\" ><\/div><div id=\"pgc-8924-1-1\"  class=\"panel-grid-cell panel-grid-cell-mobile-last\" ><div id=\"panel-8924-1-1-0\" class=\"so-panel widget widget_text panel-first-child\" data-index=\"1\" >\t\t\t<div class=\"textwidget\"><div style=\"text-align: justify; margin-top: 30px; color: #5a5d60;\">\n<h4 style=\"color: #164985;\">Gu\u00edas pr\u00e1cticas de Econom\u00eda Circular<\/h4>\n<p><span style=\"font-weight: 400;\">Aqu\u00ed encontrar\u00e1s recursos pr\u00e1cticos dise\u00f1ados para ayudarte a implementar modelos de negocio sostenibles. estas gu\u00edas te orientar\u00e1n paso a paso en la optimizaci\u00f3n de recursos, la reducci\u00f3n de desperdicios y la toma de decisiones estrat\u00e9gicas para hacer crecer tu empresa de manera eficiente y responsable. Convierte el conocimiento en acci\u00f3n y avanza hacia una econom\u00eda m\u00e1s circular.<\/span><br \/>\n<span style=\"font-weight: 400;\"><br \/>\nEl Ministerio de la Producci\u00f3n (PRODUCE), en el marco de su compromiso con el desarrollo sostenible y la mejora de la competitividad de la industria, viene promoviendo la elaboraci\u00f3n de Gu\u00edas de Buenas Pr\u00e1cticas en Econom\u00eda Circular orientadas a diversos sectores manufactureros. Aqu\u00ed encontrar\u00e1s recursos pr\u00e1cticos dise\u00f1ados para ayudarte a implementar modelos de negocio sostenibles. Estas gu\u00edas te orientar\u00e1n paso a paso en la optimizaci\u00f3n de recursos, la reducci\u00f3n de desperdicios y la toma de decisiones estrat\u00e9gicas para hacer crecer tu empresa de manera eficiente y responsable. Convierte el conocimiento en acci\u00f3n y avanza hacia una econom\u00eda m\u00e1s circular.<\/span><\/p>\n<\/div>\n<\/div>\n\t\t<\/div><div id=\"panel-8924-1-1-1\" class=\"so-panel widget widget_text\" data-index=\"2\" >\t\t\t<div class=\"textwidget\"><div style=\"text-align: justify; margin-top: 30px;\">\n<h4 style=\"text-align: center; color: #164985; margin-top: 20px;\">GU\u00cdAS<\/h4>\n<div style=\"display: flex; justify-content: center; align-items: center; gap: 10px; margin: 0px 0 40px 0;\">\n<div style=\"width: 50px; height: 2px; background-color: rgba(22, 73, 133, 0.5);\"><\/div>\n<div style=\"width: 50px; height: 2px; background-color: rgba(22, 73, 133);\"><\/div>\n<div style=\"width: 50px; height: 2px; background-color: rgba(22, 73, 133, 0.5);\"><\/div>\n<\/div>\n<\/div>\n<\/div>\n\t\t<\/div><div id=\"panel-8924-1-1-2\" class=\"widget_text so-panel widget widget_custom_html panel-last-child\" data-index=\"3\" ><div class=\"textwidget custom-html-widget\"><!-- CARRUSEL DE IM\u00c1GENES - ECONOM\u00cdA CIRCULAR -->\n<link rel=\"stylesheet\" href=\"https:\/\/unpkg.com\/flickity@2\/dist\/flickity.min.css\">\n<style>\n  .carousel{background:#fff;margin-bottom:2rem;}\n  .carousel-cell{width:33.3%;padding:0 10px;box-sizing:border-box;}\n  .carousel-cell img{width:100%;display:block;border-radius:10px;box-shadow:0 2px 8px rgba(0,0,0,.1);}\n  .flickity-page-dots{bottom:-30px;}\n<\/style>\n\n<div class=\"carousel\" data-flickity='{\"wrapAround\":true,\"pageDots\":true}'>\n\t  <div class=\"carousel-cell\">\n    <a href=\"#\" target=\"_blank\" rel=\"noopener\">\n      <img decoding=\"async\" src=\"\/miempresacircular\/wp-content\/uploads\/2025\/05\/cap12.png\" alt=\"Curso 1\">\n    <\/a>\n  <\/div>\n\t<div class=\"carousel-cell\">\n    <a href=\"\" target=\"_blank\" rel=\"noopener\">\n      <img decoding=\"async\" src=\"\/miempresacircular\/wp-content\/uploads\/2025\/05\/guia.jpg\" alt=\"Curso 3\">\n    <\/a>\n  <\/div>\n\t\t\t  <div class=\"carousel-cell\">\n    <a href=\"\" target=\"_blank\" rel=\"noopener\">\n      <img decoding=\"async\" src=\"\/miempresacircular\/wp-content\/uploads\/2025\/05\/guia_.jpg\" alt=\"Curso 4\">\n    <\/a>\n  <\/div>\n\t\t\t\t<div class=\"carousel-cell\">\n    <a href=\"https:\/\/www.gob.pe\/institucion\/produce\/normas-legales\/5728410-281-2024-produce\" target=\"_blank\" rel=\"noopener\">\n      <img decoding=\"async\" src=\"\/miempresacircular\/wp-content\/uploads\/2025\/05\/cap13.png\" alt=\"Curso 2\">\n    <\/a>\n  <\/div>\n\t\n<\/div>\n\n<script src=\"https:\/\/unpkg.com\/flickity@2\/dist\/flickity.pkgd.min.js\"><\/script>\n\n<\/div><\/div><\/div><div id=\"pgc-8924-1-2\"  class=\"panel-grid-cell panel-grid-cell-empty\" ><\/div><\/div><\/div>","protected":false},"excerpt":{"rendered":"<p>GU\u00cdAS DE ECONOM\u00cdA CIRCULAR Comprender, aplicar y mejorar los procesos de tu empresa hacia una econom\u00eda circular Gu\u00edas pr\u00e1cticas de Econom\u00eda Circular Aqu\u00ed encontrar\u00e1s recursos pr\u00e1cticos dise\u00f1ados para ayudarte a implementar modelos de negocio sostenibles. estas gu\u00edas te orientar\u00e1n paso a paso en la optimizaci\u00f3n de recursos, la reducci\u00f3n de desperdicios y la toma de [&hellip;]<\/p>\n","protected":false},"author":1,"featured_media":0,"parent":0,"menu_order":0,"comment_status":"closed","ping_status":"closed","template":"","meta":{"footnotes":""},"tags":[],"class_list":["post-8924","page","type-page","status-publish","hentry"],"_links":{"self":[{"href":"https:\/\/desarrollo.infobox.com.pe\/miempresacircular\/wp-json\/wp\/v2\/pages\/8924","targetHints":{"allow":["GET"]}}],"collection":[{"href":"https:\/\/desarrollo.infobox.com.pe\/miempresacircular\/wp-json\/wp\/v2\/pages"}],"about":[{"href":"https:\/\/desarrollo.infobox.com.pe\/miempresacircular\/wp-json\/wp\/v2\/types\/page"}],"author":[{"embeddable":true,"href":"https:\/\/desarrollo.infobox.com.pe\/miempresacircular\/wp-json\/wp\/v2\/users\/1"}],"replies":[{"embeddable":true,"href":"https:\/\/desarrollo.infobox.com.pe\/miempresacircular\/wp-json\/wp\/v2\/comments?post=8924"}],"version-history":[{"count":25,"href":"https:\/\/desarrollo.infobox.com.pe\/miempresacircular\/wp-json\/wp\/v2\/pages\/8924\/revisions"}],"predecessor-version":[{"id":9251,"href":"https:\/\/desarrollo.infobox.com.pe\/miempresacircular\/wp-json\/wp\/v2\/pages\/8924\/revisions\/9251"}],"wp:attachment":[{"href":"https:\/\/desarrollo.infobox.com.pe\/miempresacircular\/wp-json\/wp\/v2\/media?parent=8924"}],"wp:term":[{"taxonomy":"post_tag","embeddable":true,"href":"https:\/\/desarrollo.infobox.com.pe\/miempresacircular\/wp-json\/wp\/v2\/tags?post=8924"}],"curies":[{"name":"wp","href":"https:\/\/api.w.org\/{rel}","templated":true}]}}