{"id":8940,"date":"2025-03-27T21:15:40","date_gmt":"2025-03-28T02:15:40","guid":{"rendered":"https:\/\/desarrollo.infobox.com.pe\/miempresacircular\/?page_id=8940"},"modified":"2025-06-13T11:05:49","modified_gmt":"2025-06-13T16:05:49","slug":"apl-2","status":"publish","type":"page","link":"https:\/\/desarrollo.infobox.com.pe\/miempresacircular\/apl-2\/","title":{"rendered":"AP+L"},"content":{"rendered":"<div id=\"pl-8940\"  class=\"panel-layout\" ><div id=\"pg-8940-0\"  class=\"panel-grid panel-no-style\" ><div id=\"pgc-8940-0-0\"  class=\"panel-grid-cell\" ><div id=\"panel-8940-0-0-0\" class=\"so-panel widget widget_text panel-first-child panel-last-child\" data-index=\"0\" >\t\t\t<div class=\"textwidget\"><div style=\"position: relative; width: 100%; height: 450px; background-image: url('\/miempresacircular\/wp-content\/uploads\/2025\/05\/6.png'); background-size: cover; background-position: center; background-repeat: no-repeat; display: flex; align-items: center; justify-content: center; text-align: center; margin: 0; padding: 0;\">\n<div style=\"background: rgba(30, 76, 127, 0.9); padding: 20px 50px; border-radius: 0px; height: 200px; width: 800px; max-width: 70%; text-align: center;\">\n<h1 style=\"color: white; font-size: 2rem; margin-top 60px; text-shadow: 2px 2px 5px rgba(0, 0, 0, 0.5);\">ACUERDOS DE PRODUCCI\u00d3N M\u00c1S LIMPIA (AP+L)<\/h1>\n<div style=\"display: flex; justify-content: center; align-items: center; gap: 10px; margin: 8px 0 20px 0;\">\n<div style=\"width: 80px; height: 2px; background-color: rgba(255, 255, 255, 0.5);\"><\/div>\n<div style=\"width: 80px; height: 2px; background-color: rgba(255, 255, 255);\"><\/div>\n<div style=\"width: 80px; height: 2px; background-color: rgba(255, 255, 255, 0.5);\"><\/div>\n<\/div>\n<h1 style=\"color: white; font-size: 1.5rem; margin-bottom: 30px; text-shadow: 2px 2px 5px rgba(0, 0, 0, 0.5);\">Compromisos Voluntarios para una Producci\u00f3n M\u00e1s Limpia y Circular<\/h1>\n<\/div>\n<\/div>\n<\/div>\n\t\t<\/div><\/div><\/div><div id=\"pg-8940-1\"  class=\"panel-grid panel-no-style\" ><div id=\"pgc-8940-1-0\"  class=\"panel-grid-cell panel-grid-cell-empty\" ><\/div><div id=\"pgc-8940-1-1\"  class=\"panel-grid-cell panel-grid-cell-mobile-last\" ><div id=\"panel-8940-1-1-0\" class=\"so-panel widget widget_text panel-first-child panel-last-child\" data-index=\"1\" >\t\t\t<div class=\"textwidget\"><div style=\"text-align: justify; margin-top: 30px;\">\n<h4 style=\"color: #164985;\">\u00bfQu\u00e9 es un Acuerdo de Producci\u00f3n m\u00e1s Limpia (AP+L)?<\/h4>\n<p style=\"color: #5a5d60;\">Instrumento voluntario que promueve que empresas de la industria manufacturera y comercio interno, mejoren sus procesos productivos para lograr la ecoeficiencia y alcanzar un adecuado equilibrio entre la gesti\u00f3n productiva y la protecci\u00f3n ambiental.<\/p>\n<h4 style=\"color: #164985;\">\u00bfQui\u00e9n puede suscribir un AP+L?<\/h4>\n<\/div>\n<\/div>\n\t\t<\/div><\/div><div id=\"pgc-8940-1-2\"  class=\"panel-grid-cell panel-grid-cell-empty\" ><\/div><\/div><div id=\"pg-8940-2\"  class=\"panel-grid panel-no-style\" ><div id=\"pgc-8940-2-0\"  class=\"panel-grid-cell panel-grid-cell-empty\" ><\/div><div id=\"pgc-8940-2-1\"  class=\"panel-grid-cell\" ><div id=\"panel-8940-2-1-0\" class=\"so-panel widget widget_text panel-first-child panel-last-child\" data-index=\"2\" >\t\t\t<div class=\"textwidget\"><p style=\"text-align: center; color: #5a5d60;\"><img decoding=\"async\" class=\"alignnone size-full wp-image-9385\" src=\"\/miempresacircular\/wp-content\/uploads\/2025\/05\/individual_colecc.jpg\" alt=\"\" width=\"150px\" height=\"150px\" srcset=\"https:\/\/desarrollo.infobox.com.pe\/miempresacircular\/wp-content\/uploads\/2025\/05\/individual_colecc.jpg 1280w, https:\/\/desarrollo.infobox.com.pe\/miempresacircular\/wp-content\/uploads\/2025\/05\/individual_colecc-300x300.jpg 300w, https:\/\/desarrollo.infobox.com.pe\/miempresacircular\/wp-content\/uploads\/2025\/05\/individual_colecc-1024x1024.jpg 1024w, https:\/\/desarrollo.infobox.com.pe\/miempresacircular\/wp-content\/uploads\/2025\/05\/individual_colecc-150x150.jpg 150w, https:\/\/desarrollo.infobox.com.pe\/miempresacircular\/wp-content\/uploads\/2025\/05\/individual_colecc-768x768.jpg 768w\" sizes=\"(max-width: 1280px) 100vw, 1280px\" \/><\/p>\n<p style=\"text-align: center; color: #5a5d60;\"><strong>Empresa individual o colectivo<\/strong><\/p>\n<\/div>\n\t\t<\/div><\/div><div id=\"pgc-8940-2-2\"  class=\"panel-grid-cell\" ><div id=\"panel-8940-2-2-0\" class=\"so-panel widget widget_text panel-first-child panel-last-child\" data-index=\"3\" >\t\t\t<div class=\"textwidget\"><p style=\"text-align: center;\"><img decoding=\"async\" class=\"alignnone size-full wp-image-9383\" src=\"\/miempresacircular\/wp-content\/uploads\/2025\/05\/gremio.png\" alt=\"\" width=\"150px\" height=\"150px\" srcset=\"https:\/\/desarrollo.infobox.com.pe\/miempresacircular\/wp-content\/uploads\/2025\/05\/gremio.png 405w, https:\/\/desarrollo.infobox.com.pe\/miempresacircular\/wp-content\/uploads\/2025\/05\/gremio-296x300.png 296w\" sizes=\"(max-width: 405px) 100vw, 405px\" \/><\/p>\n<p style=\"text-align: center; color: #5a5d60;\"><strong>Gremio<\/strong><\/p>\n<\/div>\n\t\t<\/div><\/div><div id=\"pgc-8940-2-3\"  class=\"panel-grid-cell panel-grid-cell-mobile-last\" ><div id=\"panel-8940-2-3-0\" class=\"so-panel widget widget_text panel-first-child panel-last-child\" data-index=\"4\" >\t\t\t<div class=\"textwidget\"><p style=\"text-align: center;\"><img decoding=\"async\" class=\"alignnone size-full wp-image-9382\" src=\"\/miempresacircular\/wp-content\/uploads\/2025\/05\/asociacion_lab.jpg\" alt=\"\" width=\"150px\" height=\"150px\" srcset=\"https:\/\/desarrollo.infobox.com.pe\/miempresacircular\/wp-content\/uploads\/2025\/05\/asociacion_lab.jpg 980w, https:\/\/desarrollo.infobox.com.pe\/miempresacircular\/wp-content\/uploads\/2025\/05\/asociacion_lab-300x300.jpg 300w, https:\/\/desarrollo.infobox.com.pe\/miempresacircular\/wp-content\/uploads\/2025\/05\/asociacion_lab-150x150.jpg 150w, https:\/\/desarrollo.infobox.com.pe\/miempresacircular\/wp-content\/uploads\/2025\/05\/asociacion_lab-768x768.jpg 768w\" sizes=\"(max-width: 980px) 100vw, 980px\" \/><\/p>\n<p style=\"text-align: center; color: #5a5d60;\"><strong>Asociaci\u00f3n empresarial<\/strong><\/p>\n<\/div>\n\t\t<\/div><\/div><div id=\"pgc-8940-2-4\"  class=\"panel-grid-cell panel-grid-cell-empty\" ><\/div><\/div><div id=\"pg-8940-3\"  class=\"panel-grid panel-no-style\" ><div id=\"pgc-8940-3-0\"  class=\"panel-grid-cell panel-grid-cell-empty\" ><\/div><div id=\"pgc-8940-3-1\"  class=\"panel-grid-cell panel-grid-cell-mobile-last\" ><div id=\"panel-8940-3-1-0\" class=\"so-panel widget widget_text panel-first-child panel-last-child\" data-index=\"5\" >\t\t\t<div class=\"textwidget\"><div style=\"text-align: justify; color: #5a5d60;\">\n<h4 style=\"color: #164985;\">\u00bfEn qu\u00e9 aspectos se deben desarrollar los compromisos?<\/h4>\n<ul>\n<li>Acciones de econom\u00eda circular<\/li>\n<li>Mejora continua en la gesti\u00f3n ambiental<\/li>\n<li>Adopci\u00f3n de procesos productivos y de actividades que utilicen tecnolog\u00edas e insumos limpios<\/li>\n<li>Uso de tecnolog\u00edas para la mitigaci\u00f3n o adaptaci\u00f3n al cambio<\/li>\n<\/ul>\n<h4 style=\"color: #164985;\">\u00bfCu\u00e1l es el plazo de implementaci\u00f3n de los compromisos?<\/h4>\n<p>Un periodo m\u00ednimo de un a\u00f1o; o el tiempo que las partes acuerden.<\/p>\n<h4 style=\"color: #164985;\">\u00bfCu\u00e1l es la vigencia del reconocimiento<\/h4>\n<p>Un periodo de 3 a\u00f1os<\/p>\n<\/div>\n<\/div>\n\t\t<\/div><\/div><div id=\"pgc-8940-3-2\"  class=\"panel-grid-cell panel-grid-cell-empty\" ><\/div><\/div><div id=\"pg-8940-4\"  class=\"panel-grid panel-no-style\" ><div id=\"pgc-8940-4-0\"  class=\"panel-grid-cell panel-grid-cell-empty\" ><\/div><div id=\"pgc-8940-4-1\"  class=\"panel-grid-cell panel-grid-cell-mobile-last\" ><div id=\"panel-8940-4-1-0\" class=\"widget_text so-panel widget widget_custom_html panel-first-child panel-last-child\" data-index=\"6\" ><div class=\"textwidget custom-html-widget\"><div style=\"\n  display: flex;\n  justify-content: center;\n  gap: 16px;\n  flex-wrap: wrap;\n\">\n\n  <button onclick=\"window.location.href='https:\/\/busquedas.elperuano.pe\/dispositivo\/NL\/2058998-1'\" style=\"\n    background-color: #164985;\n    color: white;\n    padding: 16px 24px;\n    border-radius: 40px;\n    border: none;\n    font-weight: bold;\n    font-size: clamp(12px, 1vw, 18px);\n    text-align: center;\n    text-decoration: none;\n    cursor: pointer;\n    display: inline-block;\n    line-height: 1.2;\n    box-sizing: border-box;\n    min-width: 200px;\n  \">\n    Conoce la directiva<br>\n    de los AP+L\t\n  <\/button>\n\n  <button onclick=\"window.location.href='https:\/\/www.gob.pe\/institucion\/produce\/colecciones\/22125-acuerdos-de-produccion-mas-limpia-de-mype-e-industria'\" style=\"\n    background-color: #164985;\n    color: white;\n    padding: 16px 24px;\n    border-radius: 40px;\n    border: none;\n    font-weight: bold;\n    font-size: clamp(12px, 1vw, 18px);\n    text-align: center;\n    text-decoration: none;\n    cursor: pointer;\n    display: inline-block;\n    line-height: 1.2;\n    box-sizing: border-box;\n    min-width: 200px;\n  \">\n    Conoce los <br>\n    AP+L\n  <\/button>\n\n<\/div>\n<\/div><\/div><\/div><div id=\"pgc-8940-4-2\"  class=\"panel-grid-cell panel-grid-cell-empty\" ><\/div><\/div><div id=\"pg-8940-5\"  class=\"panel-grid panel-no-style\" ><div id=\"pgc-8940-5-0\"  class=\"panel-grid-cell panel-grid-cell-empty\" ><\/div><div id=\"pgc-8940-5-1\"  class=\"panel-grid-cell panel-grid-cell-mobile-last\" ><div id=\"panel-8940-5-1-0\" class=\"so-panel widget widget_text panel-first-child panel-last-child\" data-index=\"7\" >\t\t\t<div class=\"textwidget\"><p>&nbsp;<\/p>\n<p style=\"color: #5a5d60;\">Si eres una empresa interesada en suscribir un acuerdo, comun\u00edcate al correo: dgaami@produce.gob.pe<\/p>\n<\/div>\n\t\t<\/div><\/div><div id=\"pgc-8940-5-2\"  class=\"panel-grid-cell panel-grid-cell-empty\" ><\/div><\/div><\/div>","protected":false},"excerpt":{"rendered":"<p>ACUERDOS DE PRODUCCI\u00d3N M\u00c1S LIMPIA (AP+L) Compromisos Voluntarios para una Producci\u00f3n M\u00e1s Limpia y Circular \u00bfQu\u00e9 es un Acuerdo de Producci\u00f3n m\u00e1s Limpia (AP+L)? Instrumento voluntario que promueve que empresas de la industria manufacturera y comercio interno, mejoren sus procesos productivos para lograr la ecoeficiencia y alcanzar un adecuado equilibrio entre la gesti\u00f3n productiva y [&hellip;]<\/p>\n","protected":false},"author":1,"featured_media":0,"parent":0,"menu_order":0,"comment_status":"closed","ping_status":"closed","template":"","meta":{"footnotes":""},"tags":[],"class_list":["post-8940","page","type-page","status-publish","hentry"],"_links":{"self":[{"href":"https:\/\/desarrollo.infobox.com.pe\/miempresacircular\/wp-json\/wp\/v2\/pages\/8940","targetHints":{"allow":["GET"]}}],"collection":[{"href":"https:\/\/desarrollo.infobox.com.pe\/miempresacircular\/wp-json\/wp\/v2\/pages"}],"about":[{"href":"https:\/\/desarrollo.infobox.com.pe\/miempresacircular\/wp-json\/wp\/v2\/types\/page"}],"author":[{"embeddable":true,"href":"https:\/\/desarrollo.infobox.com.pe\/miempresacircular\/wp-json\/wp\/v2\/users\/1"}],"replies":[{"embeddable":true,"href":"https:\/\/desarrollo.infobox.com.pe\/miempresacircular\/wp-json\/wp\/v2\/comments?post=8940"}],"version-history":[{"count":27,"href":"https:\/\/desarrollo.infobox.com.pe\/miempresacircular\/wp-json\/wp\/v2\/pages\/8940\/revisions"}],"predecessor-version":[{"id":9381,"href":"https:\/\/desarrollo.infobox.com.pe\/miempresacircular\/wp-json\/wp\/v2\/pages\/8940\/revisions\/9381"}],"wp:attachment":[{"href":"https:\/\/desarrollo.infobox.com.pe\/miempresacircular\/wp-json\/wp\/v2\/media?parent=8940"}],"wp:term":[{"taxonomy":"post_tag","embeddable":true,"href":"https:\/\/desarrollo.infobox.com.pe\/miempresacircular\/wp-json\/wp\/v2\/tags?post=8940"}],"curies":[{"name":"wp","href":"https:\/\/api.w.org\/{rel}","templated":true}]}}