{"id":9170,"date":"2025-05-02T15:47:30","date_gmt":"2025-05-02T20:47:30","guid":{"rendered":"https:\/\/desarrollo.infobox.com.pe\/miempresacircular\/?page_id=9170"},"modified":"2025-06-13T12:09:38","modified_gmt":"2025-06-13T17:09:38","slug":"herramienta-de-diagnostico","status":"publish","type":"page","link":"https:\/\/desarrollo.infobox.com.pe\/miempresacircular\/herramienta-de-diagnostico\/","title":{"rendered":"Herramienta de Diagn\u00f3stico"},"content":{"rendered":"<div id=\"pl-9170\"  class=\"panel-layout\" ><div id=\"pg-9170-0\"  class=\"panel-grid panel-no-style\" ><div id=\"pgc-9170-0-0\"  class=\"panel-grid-cell\" ><div id=\"panel-9170-0-0-0\" class=\"so-panel widget widget_text panel-first-child panel-last-child\" data-index=\"0\" >\t\t\t<div class=\"textwidget\"><div style=\"position: relative; width: 100%; height: 450px; background-image: url('\/miempresacircular\/wp-content\/uploads\/2025\/04\/Tu_mj_energia.jpg'); background-size: cover; background-position: center; background-repeat: no-repeat; display: flex; align-items: center; justify-content: center; text-align: center; margin: 0; padding: 0;\">\n<div style=\"background: rgba(30, 76, 127, 0.9); padding: 20px 40px; border-radius: 0px; height: 200px; width: 800px; max-width: 70%; text-align: center;\">\n<h1 style=\"color: white; font-size: 2rem; margin-top: 30px; text-shadow: 2px 2px 5px rgba(0, 0, 0, 0.5);\">Herramienta de Diagn\u00f3stico Energ\u00e9tico<\/h1>\n<div style=\"display: flex; justify-content: center; align-items: center; gap: 10px; margin: 0px 0 20px 0;\">\n<div style=\"width: 80px; height: 2px; background-color: rgba(255, 255, 255, 0.5);\"><\/div>\n<div style=\"width: 80px; height: 2px; background-color: rgba(255, 255, 255);\"><\/div>\n<div style=\"width: 80px; height: 2px; background-color: rgba(255, 255, 255, 0.5);\"><\/div>\n<\/div>\n<h1 style=\"color: white; font-size: 1.5rem; margin-bottom: 50px; text-shadow: 2px 2px 5px rgba(0, 0, 0, 0.5);\">Conoce tu consumo energ\u00e9tico y ahorra m\u00e1s<\/h1>\n<\/div>\n<\/div>\n<\/div>\n\t\t<\/div><\/div><\/div><div id=\"pg-9170-1\"  class=\"panel-grid panel-no-style\" ><div id=\"pgc-9170-1-0\"  class=\"panel-grid-cell panel-grid-cell-empty\" ><\/div><div id=\"pgc-9170-1-1\"  class=\"panel-grid-cell panel-grid-cell-mobile-last\" ><div id=\"panel-9170-1-1-0\" class=\"so-panel widget widget_text panel-first-child panel-last-child\" data-index=\"1\" >\t\t\t<div class=\"textwidget\"><div style=\"text-align: justify; margin-top: 30px; color: #5a5d60;\">\n<h4 style=\"color: #164985; text-align: justify;\">Herramienta de Diagn\u00f3stico Energ\u00e9tico (HDE)<\/h4>\n<p><span style=\"color: #164985; font-weight: bold;\">\u00bfQu\u00e9 es?<\/span><\/p>\n<p>\u00abEl Diagn\u00f3stico Energ\u00e9tico es una herramienta que permite establecer una l\u00ednea base del consumo de energ\u00eda en la empresa, as\u00ed como indicadores clave, como el costo de energ\u00eda por unidad producida (es decir, cu\u00e1nta energ\u00eda se requiere para fabricar un producto). Esta informaci\u00f3n es clave para identificar oportunidades de mejora en la eficiencia de la empresa.\u00bb<\/p>\n<p><span style=\"color: #164985; font-weight: bold;\">\u00bfPor qui\u00e9n puede ser aplicada la herramienta?<\/span><\/p>\n<p>Prestadores de servicios de eficiencia energ\u00e9tica \u2014tanto entidades como especialistas\u2014 que trabajan con micro, peque\u00f1as y medianas empresas manufactureras (mipyme).<br \/>\nPuedes encontrar un prestador de servicios en el buscador de entidades.<\/p>\n<\/div>\n<\/div>\n\t\t<\/div><\/div><div id=\"pgc-9170-1-2\"  class=\"panel-grid-cell panel-grid-cell-empty\" ><\/div><\/div><div id=\"pg-9170-2\"  class=\"panel-grid panel-no-style\" ><div id=\"pgc-9170-2-0\"  class=\"panel-grid-cell panel-grid-cell-empty\" ><\/div><div id=\"pgc-9170-2-1\"  class=\"panel-grid-cell panel-grid-cell-mobile-last\" ><div id=\"panel-9170-2-1-0\" class=\"widget_text so-panel widget widget_custom_html panel-first-child panel-last-child\" data-index=\"2\" ><div class=\"textwidget custom-html-widget\"><button onclick=\"window.location.href='\/miempresacircular\/buscador-de-entidades\/'\" style=\"\n  background-color: #164985;\n  color: white;\n  padding: 16px 24px;\n  border-radius: 40px;\n  border: none;\n  font-weight: bold;\n  font-size: clamp(12px, 1vw, 20px);\n  text-align: center;\n  text-decoration: none;\n  cursor: pointer;\n  display: inline-block;\n  line-height: 1.2;\n  box-sizing: border-box;\n\">\nIngresa al buscador\n<\/button>\n<\/div><\/div><\/div><div id=\"pgc-9170-2-2\"  class=\"panel-grid-cell panel-grid-cell-empty\" ><\/div><\/div><div id=\"pg-9170-3\"  class=\"panel-grid panel-no-style\" ><div id=\"pgc-9170-3-0\"  class=\"panel-grid-cell panel-grid-cell-empty\" ><\/div><div id=\"pgc-9170-3-1\"  class=\"panel-grid-cell panel-grid-cell-mobile-last\" ><div id=\"panel-9170-3-1-0\" class=\"so-panel widget widget_text panel-first-child panel-last-child\" data-index=\"3\" >\t\t\t<div class=\"textwidget\"><p><span style=\"color: #164985; font-weight: bold;\">Accede a la herramienta<\/span><\/p>\n<\/div>\n\t\t<\/div><\/div><div id=\"pgc-9170-3-2\"  class=\"panel-grid-cell panel-grid-cell-empty\" ><\/div><\/div><div id=\"pg-9170-4\"  class=\"panel-grid panel-no-style\" ><div id=\"pgc-9170-4-0\"  class=\"panel-grid-cell panel-grid-cell-empty\" ><\/div><div id=\"pgc-9170-4-1\"  class=\"panel-grid-cell panel-grid-cell-mobile-last\" ><div id=\"panel-9170-4-1-0\" class=\"so-panel widget widget_text panel-first-child panel-last-child\" data-index=\"4\" >\t\t\t<div class=\"textwidget\"><p style=\"text-align: center;\"><img loading=\"lazy\" decoding=\"async\" class=\"alignnone wp-image-9735 size-medium\" src=\"\/miempresacircular\/wp-content\/uploads\/2025\/05\/ChatGPT-Image-19-may-2025-15_17_30-300x300.png\" alt=\"\" width=\"500\" height=\"500\" srcset=\"https:\/\/desarrollo.infobox.com.pe\/miempresacircular\/wp-content\/uploads\/2025\/05\/ChatGPT-Image-19-may-2025-15_17_30-300x300.png 300w, https:\/\/desarrollo.infobox.com.pe\/miempresacircular\/wp-content\/uploads\/2025\/05\/ChatGPT-Image-19-may-2025-15_17_30-150x150.png 150w, https:\/\/desarrollo.infobox.com.pe\/miempresacircular\/wp-content\/uploads\/2025\/05\/ChatGPT-Image-19-may-2025-15_17_30-768x768.png 768w, https:\/\/desarrollo.infobox.com.pe\/miempresacircular\/wp-content\/uploads\/2025\/05\/ChatGPT-Image-19-may-2025-15_17_30.png 1024w\" sizes=\"auto, (max-width: 500px) 100vw, 500px\" \/><\/p>\n<\/div>\n\t\t<\/div><\/div><div id=\"pgc-9170-4-2\"  class=\"panel-grid-cell panel-grid-cell-empty\" ><\/div><\/div><div id=\"pg-9170-5\"  class=\"panel-grid panel-no-style\" ><div id=\"pgc-9170-5-0\"  class=\"panel-grid-cell panel-grid-cell-empty\" ><\/div><div id=\"pgc-9170-5-1\"  class=\"panel-grid-cell panel-grid-cell-mobile-last\" ><div id=\"panel-9170-5-1-0\" class=\"widget_text so-panel widget widget_custom_html panel-first-child panel-last-child\" data-index=\"5\" ><div class=\"textwidget custom-html-widget\"><div style=\"\n  display: flex;\n  justify-content: center;\n  gap: 16px;\n  flex-wrap: wrap;\n\">\n\n  <button style=\"\n    background-color: #164985;\n    color: white;\n    padding: 16px 24px;\n    border-radius: 40px;\n    border: none;\n    font-weight: bold;\n    font-size: clamp(12px, 1vw, 18px);\n    text-align: center;\n    text-decoration: none;\n    cursor: pointer;\n    display: inline-block;\n    line-height: 1.2;\n    box-sizing: border-box;\n    min-width: 220px;\n  \">\n    Descarga Herramienta de<br>\n    Diagn\u00f3stico Energ\u00e9tico (HDE)\n  <\/button>\n\n  <button style=\"\n    background-color: #164985;\n    color: white;\n    padding: 16px 24px;\n    border-radius: 40px;\n    border: none;\n    font-weight: bold;\n    font-size: clamp(12px, 1vw, 18px);\n    text-align: center;\n    text-decoration: none;\n    cursor: pointer;\n    display: inline-block;\n    line-height: 1.2;\n    box-sizing: border-box;\n    min-width: 220px;\n  \">\n    Gu\u00eda de uso Herramienta<br>\n    de Diagn\u00f3stico Energ\u00e9tico\n  <\/button>\n\n  <button style=\"\n    background-color: #164985;\n    color: white;\n    padding: 16px 24px;\n    border-radius: 40px;\n    border: none;\n    font-weight: bold;\n    font-size: clamp(12px, 1vw, 18px);\n    text-align: center;\n    text-decoration: none;\n    cursor: pointer;\n    display: inline-block;\n    line-height: 1.2;\n    box-sizing: border-box;\n    min-width: 220px;\n  \">\n    Gu\u00eda de uso Herramienta<br>\n    de Diagn\u00f3stico Energ\u00e9tico\n  <\/button>\n\n<\/div>\n<\/div><\/div><\/div><div id=\"pgc-9170-5-2\"  class=\"panel-grid-cell panel-grid-cell-empty\" ><\/div><\/div><\/div>","protected":false},"excerpt":{"rendered":"<p>Herramienta de Diagn\u00f3stico Energ\u00e9tico Conoce tu consumo energ\u00e9tico y ahorra m\u00e1s Herramienta de Diagn\u00f3stico Energ\u00e9tico (HDE) \u00bfQu\u00e9 es? \u00abEl Diagn\u00f3stico Energ\u00e9tico es una herramienta que permite establecer una l\u00ednea base del consumo de energ\u00eda en la empresa, as\u00ed como indicadores clave, como el costo de energ\u00eda por unidad producida (es decir, cu\u00e1nta energ\u00eda se requiere [&hellip;]<\/p>\n","protected":false},"author":1,"featured_media":0,"parent":0,"menu_order":0,"comment_status":"closed","ping_status":"closed","template":"","meta":{"footnotes":""},"tags":[],"class_list":["post-9170","page","type-page","status-publish","hentry"],"_links":{"self":[{"href":"https:\/\/desarrollo.infobox.com.pe\/miempresacircular\/wp-json\/wp\/v2\/pages\/9170","targetHints":{"allow":["GET"]}}],"collection":[{"href":"https:\/\/desarrollo.infobox.com.pe\/miempresacircular\/wp-json\/wp\/v2\/pages"}],"about":[{"href":"https:\/\/desarrollo.infobox.com.pe\/miempresacircular\/wp-json\/wp\/v2\/types\/page"}],"author":[{"embeddable":true,"href":"https:\/\/desarrollo.infobox.com.pe\/miempresacircular\/wp-json\/wp\/v2\/users\/1"}],"replies":[{"embeddable":true,"href":"https:\/\/desarrollo.infobox.com.pe\/miempresacircular\/wp-json\/wp\/v2\/comments?post=9170"}],"version-history":[{"count":21,"href":"https:\/\/desarrollo.infobox.com.pe\/miempresacircular\/wp-json\/wp\/v2\/pages\/9170\/revisions"}],"predecessor-version":[{"id":10486,"href":"https:\/\/desarrollo.infobox.com.pe\/miempresacircular\/wp-json\/wp\/v2\/pages\/9170\/revisions\/10486"}],"wp:attachment":[{"href":"https:\/\/desarrollo.infobox.com.pe\/miempresacircular\/wp-json\/wp\/v2\/media?parent=9170"}],"wp:term":[{"taxonomy":"post_tag","embeddable":true,"href":"https:\/\/desarrollo.infobox.com.pe\/miempresacircular\/wp-json\/wp\/v2\/tags?post=9170"}],"curies":[{"name":"wp","href":"https:\/\/api.w.org\/{rel}","templated":true}]}}